{"id":13,"date":"2016-08-01T14:51:48","date_gmt":"2016-08-01T14:51:48","guid":{"rendered":"http:\/\/relaunch.susannefritz.de\/?page_id=13"},"modified":"2023-04-16T15:00:46","modified_gmt":"2023-04-16T15:00:46","slug":"leben","status":"publish","type":"page","link":"http:\/\/relaunch.susannefritz.de\/?page_id=13","title":{"rendered":"LEBEN"},"content":{"rendered":"<div class=\"fusion-fullwidth fullwidth-box fusion-builder-row-1 nonhundred-percent-fullwidth non-hundred-percent-height-scrolling\" style=\"--awb-background-position:left top;--awb-border-sizes-top:0px;--awb-border-sizes-bottom:0px;--awb-border-sizes-left:0px;--awb-border-sizes-right:0px;--awb-border-radius-top-left:0px;--awb-border-radius-top-right:0px;--awb-border-radius-bottom-right:0px;--awb-border-radius-bottom-left:0px;--awb-padding-top:100px;--awb-padding-bottom:50px;--awb-background-color:#ffffff;\" ><div class=\"fusion-builder-row fusion-row\"><div class=\"fusion-layout-column fusion_builder_column fusion-builder-column-0 fusion_builder_column_1_3 1_3 fusion-one-third fusion-column-first fusion-no-small-visibility\" style=\"--awb-bg-size:cover;width:30.6666%; margin-right: 4%;\"><div class=\"fusion-column-wrapper fusion-flex-column-wrapper-legacy\"><div class=\"fusion-sep-clear\"><\/div><div class=\"fusion-separator fusion-full-width-sep fusion-clearfix\" style=\"float:right;margin-top:20px;margin-bottom:140px;width:100%;\"><\/div><div class=\"fusion-sep-clear\"><\/div><div class=\"fusion-image-element in-legacy-container\" style=\"--awb-caption-title-size:var(--h2_typography-font-size);--awb-caption-title-transform:var(--h2_typography-text-transform);--awb-caption-title-line-height:var(--h2_typography-line-height);--awb-caption-title-letter-spacing:var(--h2_typography-letter-spacing);\"><span class=\" fusion-imageframe imageframe-none imageframe-1 hover-type-none\"><img decoding=\"async\" width=\"353\" height=\"498\" title=\"Susanne Fritz\" src=\"http:\/\/relaunch.susannefritz.de\/wp-content\/uploads\/2019\/09\/Susanne-Fritz.png\" alt class=\"img-responsive wp-image-13641\" srcset=\"http:\/\/relaunch.susannefritz.de\/wp-content\/uploads\/2019\/09\/Susanne-Fritz-200x282.png 200w, http:\/\/relaunch.susannefritz.de\/wp-content\/uploads\/2019\/09\/Susanne-Fritz.png 353w\" sizes=\"(max-width: 1000px) 100vw, 353px\" \/><\/span><\/div><div class=\"fusion-sep-clear\"><\/div><div class=\"fusion-separator fusion-full-width-sep\" style=\"margin-left: auto;margin-right: auto;margin-top:20px;margin-bottom:200px;width:100%;\"><\/div><div class=\"fusion-sep-clear\"><\/div><div class=\"fusion-image-element fusion-image-align-right in-legacy-container\" style=\"text-align:right;--awb-caption-title-size:var(--h2_typography-font-size);--awb-caption-title-transform:var(--h2_typography-text-transform);--awb-caption-title-line-height:var(--h2_typography-line-height);--awb-caption-title-letter-spacing:var(--h2_typography-letter-spacing);\"><span class=\" fusion-imageframe imageframe-none imageframe-2 hover-type-none\" style=\"margin-left:25px;float:right;\"><img decoding=\"async\" width=\"100\" height=\"84\" title=\"PEN\" src=\"http:\/\/relaunch.susannefritz.de\/wp-content\/uploads\/2018\/07\/PEN.jpg\" alt class=\"img-responsive wp-image-13499\"\/><\/span><\/div><div class=\"fusion-clearfix\"><\/div><\/div><\/div><div class=\"fusion-layout-column fusion_builder_column fusion-builder-column-1 fusion_builder_column_2_3 2_3 fusion-two-third fusion-column-last\" style=\"--awb-bg-size:cover;--awb-margin-top:2%;width:65.3333%;\"><div class=\"fusion-column-wrapper fusion-flex-column-wrapper-legacy\"><div class=\"fusion-column-content-centered\"><div class=\"fusion-column-content\"><div class=\"fusion-text fusion-text-1\"><h2>Leben<\/h2>\n<\/div><div class=\"fusion-text fusion-text-2\"><p>1964 geboren in Furtwangen im Schwarzwald, lebt in Freiburg und Berlin<br \/>\nAutorin, Regisseurin, WortMusikerin<br \/>\nhat an B\u00fchnen im In- und Ausland inszeniert und literarische Stoffe f\u00fcr B\u00fchne und Konzert bearbeitet<br \/>\nschreibt Erz\u00e4hlungen, Romane, dramatische und essayistische Texte<br \/>\ntritt in ihrem Programm WortMusik in verschiedenen Formationen als Pianistin und Performerin auf<br \/>\nrealisiert mit K\u00fcnstlerinnen und K\u00fcnstlern aller Sparten gemeinsame Projekte<br \/>\nwar mit \u201eWie kommt der Krieg ins Kind\u201c (2018) f\u00fcr den Deutschen Buchpreis nominiert<br \/>\nerhielt Auszeichnungen und Stipendien u.a. der Kunststiftung Baden-W\u00fcrttemberg, war Stadtschreiberin in Schwaz\/Tirol, Stipendiatin im Schriftstellerhaus Stuttgart und im Herrenhaus Edenkoben; zuletzt: Albrecht-Lempp-Stipendium, Krakau (2020) und Stipendiatin des Atelier Mondial in der Cit\u00e9 internationale des arts, Paris (2021).<br \/>\nist Mitglied im Literaturhaus Freiburg e.V. und im deutschen PEN<\/p>\n<\/div><\/div><\/div><div class=\"fusion-clearfix\"><\/div><\/div><\/div><\/div><\/div>\n","protected":false},"excerpt":{"rendered":"","protected":false},"author":1,"featured_media":0,"parent":0,"menu_order":0,"comment_status":"closed","ping_status":"closed","template":"100-width.php","meta":[],"_links":{"self":[{"href":"http:\/\/relaunch.susannefritz.de\/index.php?rest_route=\/wp\/v2\/pages\/13"}],"collection":[{"href":"http:\/\/relaunch.susannefritz.de\/index.php?rest_route=\/wp\/v2\/pages"}],"about":[{"href":"http:\/\/relaunch.susannefritz.de\/index.php?rest_route=\/wp\/v2\/types\/page"}],"author":[{"embeddable":true,"href":"http:\/\/relaunch.susannefritz.de\/index.php?rest_route=\/wp\/v2\/users\/1"}],"replies":[{"embeddable":true,"href":"http:\/\/relaunch.susannefritz.de\/index.php?rest_route=%2Fwp%2Fv2%2Fcomments&post=13"}],"version-history":[{"count":22,"href":"http:\/\/relaunch.susannefritz.de\/index.php?rest_route=\/wp\/v2\/pages\/13\/revisions"}],"predecessor-version":[{"id":13682,"href":"http:\/\/relaunch.susannefritz.de\/index.php?rest_route=\/wp\/v2\/pages\/13\/revisions\/13682"}],"wp:attachment":[{"href":"http:\/\/relaunch.susannefritz.de\/index.php?rest_route=%2Fwp%2Fv2%2Fmedia&parent=13"}],"curies":[{"name":"wp","href":"https:\/\/api.w.org\/{rel}","templated":true}]}}

<div class="fusion-fullwidth fullwidth-box fusion-builder-row-1 nonhundred-percent-fullwidth non-hundred-percent-height-scrolling" style="--awb-background-position:left top;--awb-border-sizes-top:0px;--awb-border-sizes-bottom:0px;--awb-border-sizes-left:0px;--awb-border-sizes-right:0px;--awb-border-radius-top-left:0px;--awb-border-radius-top-right:0px;--awb-border-radius-bottom-right:0px;--awb-border-radius-bottom-left:0px;--awb-padding-top:100px;--awb-padding-bottom:50px;--awb-background-color:#ffffff;" ><div class="fusion-builder-row fusion-row"><div class="fusion-layout-column fusion_builder_column fusion-builder-column-0 fusion_builder_column_1_3 1_3 fusion-one-third fusion-column-first fusion-no-small-visibility" style="--awb-bg-size:cover;width:30.6666%; margin-right: 4%;"><div class="fusion-column-wrapper fusion-flex-column-wrapper-legacy"><div class="fusion-sep-clear"></div><div class="fusion-separator fusion-full-width-sep fusion-clearfix" style="float:right;margin-top:20px;margin-bottom:140px;width:100%;"></div><div class="fusion-sep-clear"></div><div class="fusion-image-element in-legacy-container" style="--awb-caption-title-size:var(--h2_typography-font-size);--awb-caption-title-transform:var(--h2_typography-text-transform);--awb-caption-title-line-height:var(--h2_typography-line-height);--awb-caption-title-letter-spacing:var(--h2_typography-letter-spacing);"><span class=" fusion-imageframe imageframe-none imageframe-1 hover-type-none"><img decoding="async" width="353" height="498" title="Susanne Fritz" src="http://relaunch.susannefritz.de/wp-content/uploads/2019/09/Susanne-Fritz.png" alt class="img-responsive wp-image-13641" srcset="http://relaunch.susannefritz.de/wp-content/uploads/2019/09/Susanne-Fritz-200x282.png 200w, http://relaunch.susannefritz.de/wp-content/uploads/2019/09/Susanne-Fritz.png 353w" sizes="(max-width: 1000px) 100vw, 353px" /></span></div><div class="fusion-sep-clear"></div><div class="fusion-separator fusion-full-width-sep" style="margin-left: auto;margin-right: auto;margin-top:20px;margin-bottom:200px;width:100%;"></div><div class="fusion-sep-clear"></div><div class="fusion-image-element fusion-image-align-right in-legacy-container" style="text-align:right;--awb-caption-title-size:var(--h2_typography-font-size);--awb-caption-title-transform:var(--h2_typography-text-transform);--awb-caption-title-line-height:var(--h2_typography-line-height);--awb-caption-title-letter-spacing:var(--h2_typography-letter-spacing);"><span class=" fusion-imageframe imageframe-none imageframe-2 hover-type-none" style="margin-left:25px;float:right;"><img decoding="async" width="100" height="84" title="PEN" src="http://relaunch.susannefritz.de/wp-content/uploads/2018/07/PEN.jpg" alt class="img-responsive wp-image-13499"/></span></div><div class="fusion-clearfix"></div></div></div><div class="fusion-layout-column fusion_builder_column fusion-builder-column-1 fusion_builder_column_2_3 2_3 fusion-two-third fusion-column-last" style="--awb-bg-size:cover;--awb-margin-top:2%;width:65.3333%;"><div class="fusion-column-wrapper fusion-flex-column-wrapper-legacy"><div class="fusion-column-content-centered"><div class="fusion-column-content"><div class="fusion-text fusion-text-1"><h2>Leben</h2>
</div><div class="fusion-text fusion-text-2"><p>1964 geboren in Furtwangen im Schwarzwald, lebt in Freiburg und Berlin<br />
Autorin, Regisseurin, WortMusikerin<br />
hat an Bühnen im In- und Ausland inszeniert und literarische Stoffe für Bühne und Konzert bearbeitet<br />
schreibt Erzählungen, Romane, dramatische und essayistische Texte<br />
tritt in ihrem Programm WortMusik in verschiedenen Formationen als Pianistin und Performerin auf<br />
realisiert mit Künstlerinnen und Künstlern aller Sparten gemeinsame Projekte<br />
war mit „Wie kommt der Krieg ins Kind“ (2018) für den Deutschen Buchpreis nominiert<br />
erhielt Auszeichnungen und Stipendien u.a. der Kunststiftung Baden-Württemberg, war Stadtschreiberin in Schwaz/Tirol, Stipendiatin im Schriftstellerhaus Stuttgart und im Herrenhaus Edenkoben; zuletzt: Albrecht-Lempp-Stipendium, Krakau (2020) und Stipendiatin des Atelier Mondial in der Cité internationale des arts, Paris (2021).<br />
ist Mitglied im Literaturhaus Freiburg e.V. und im deutschen PEN</p>
</div></div></div><div class="fusion-clearfix"></div></div></div></div></div>
