{"id":13511,"date":"2018-07-29T06:41:29","date_gmt":"2018-07-29T06:41:29","guid":{"rendered":"http:\/\/relaunch.susannefritz.de\/?page_id=13511"},"modified":"2018-07-29T06:59:58","modified_gmt":"2018-07-29T06:59:58","slug":"audio","status":"publish","type":"page","link":"http:\/\/relaunch.susannefritz.de\/?page_id=13511","title":{"rendered":"AUDIO"},"content":{"rendered":"<div class=\"fusion-fullwidth fullwidth-box fusion-builder-row-1 nonhundred-percent-fullwidth non-hundred-percent-height-scrolling\" style=\"--awb-border-radius-top-left:0px;--awb-border-radius-top-right:0px;--awb-border-radius-bottom-right:0px;--awb-border-radius-bottom-left:0px;\" ><div class=\"fusion-builder-row fusion-row\"><div class=\"fusion-layout-column fusion_builder_column fusion-builder-column-0 fusion_builder_column_1_3 1_3 fusion-one-third fusion-column-first\" style=\"--awb-bg-size:cover;width:33.333333333333%;width:calc(33.333333333333% - ( ( 4% ) * 0.33333333333333 ) );margin-right: 4%;\"><div class=\"fusion-column-wrapper fusion-flex-column-wrapper-legacy\"><div class=\"fusion-sep-clear\"><\/div><div class=\"fusion-separator fusion-full-width-sep\" style=\"margin-left: auto;margin-right: auto;margin-top:20px;margin-bottom:60px;width:100%;\"><\/div><div class=\"fusion-sep-clear\"><\/div><div class=\"fusion-text fusion-text-1\"><p>Es war einmal im Schwarzwald. Peter Munk ist tief ungl\u00fccklich. Allen geht es besser als ihm, dem armen, jungen K\u00f6hler. Alle haben Geld, genie\u00dfen Ansehen und ein leichtes, sch\u00f6nes Leben. Davon kann Munk nur tr\u00e4umen\u2026 bis ihm das Glasm\u00e4nnchen zu seinem Gl\u00fcck verhilft. Doch Geld und Glash\u00fctte sind schnell verspielt, Munk versteht nichts vom Gesch\u00e4ft und liebt das Vergn\u00fcgen. Vollkommen pleite und verzweifelter denn je, willig er in einen Pakt mit dem Holl\u00e4nder-Michel ein. F\u00fcr seine zweite Chance opfert er sein Herz. Alles kann Munk sich jetzt kaufen, doch nichts kann ihn mehr r\u00fchren. In einem Wutanfall erschl\u00e4gt er seine warmherzige Frau Lisbeth. Die Angst vor dem eigenen Tod packt ihn, Peter will seine Seele zur\u00fcck, um jeden Preis\u2026<\/p>\n<\/div><div class=\"fusion-clearfix\"><\/div><\/div><\/div><div class=\"fusion-layout-column fusion_builder_column fusion-builder-column-1 fusion_builder_column_2_3 2_3 fusion-two-third fusion-column-last\" style=\"--awb-bg-size:cover;width:66.666666666667%;width:calc(66.666666666667% - ( ( 4% ) * 0.66666666666667 ) );\"><div class=\"fusion-column-wrapper fusion-flex-column-wrapper-legacy\"><div class=\"fusion-text fusion-text-2\"><h2>Das kalte Herz<\/h2>\n<\/div><div class=\"fusion-soundcloud\"><iframe scrolling=\"no\" frameborder=\"no\" width=\"100%\" height=\"166\" allow=\"autoplay\" src=\"https:\/\/w.soundcloud.com\/player\/?url=https:\/\/soundcloud.com\/user-681610314\/titel-4&amp;auto_play=false&amp;hide_related=true&amp;show_comments=false&amp;show_user=false&amp;show_reposts=false&amp;visual=false&amp;color=ff7700\" title=\"soundcloud\"><\/iframe><\/div><div class=\"fusion-soundcloud\"><iframe scrolling=\"no\" frameborder=\"no\" width=\"100%\" height=\"166\" allow=\"autoplay\" src=\"https:\/\/w.soundcloud.com\/player\/?url=https:\/\/soundcloud.com\/user-681610314\/das-kalte-herz-glaubiger&amp;auto_play=false&amp;hide_related=true&amp;show_comments=false&amp;show_user=false&amp;show_reposts=false&amp;visual=false&amp;color=ff7700\" title=\"soundcloud\"><\/iframe><\/div><div class=\"fusion-soundcloud\"><iframe scrolling=\"no\" frameborder=\"no\" width=\"100%\" height=\"166\" allow=\"autoplay\" src=\"https:\/\/w.soundcloud.com\/player\/?url=https:\/\/soundcloud.com\/user-681610314\/titel-5&amp;auto_play=false&amp;hide_related=true&amp;show_comments=false&amp;show_user=false&amp;show_reposts=false&amp;visual=false&amp;color=ff7700\" title=\"soundcloud\"><\/iframe><\/div><div class=\"fusion-soundcloud\"><iframe scrolling=\"no\" frameborder=\"no\" width=\"100%\" height=\"166\" allow=\"autoplay\" src=\"https:\/\/w.soundcloud.com\/player\/?url=https:\/\/soundcloud.com\/user-681610314\/titel-3&amp;auto_play=false&amp;hide_related=true&amp;show_comments=false&amp;show_user=false&amp;show_reposts=false&amp;visual=false&amp;color=ff7700\" title=\"soundcloud\"><\/iframe><\/div><div class=\"fusion-sep-clear\"><\/div><div class=\"fusion-separator fusion-full-width-sep\" style=\"margin-left: auto;margin-right: auto;margin-top:20px;margin-bottom:60px;width:100%;\"><\/div><div class=\"fusion-sep-clear\"><\/div><div class=\"fusion-clearfix\"><\/div><\/div><\/div><div class=\"fusion-layout-column fusion_builder_column fusion-builder-column-2 fusion_builder_column_1_3 1_3 fusion-one-third fusion-column-first\" style=\"--awb-bg-size:cover;width:33.333333333333%;width:calc(33.333333333333% - ( ( 4% ) * 0.33333333333333 ) );margin-right: 4%;\"><div class=\"fusion-column-wrapper fusion-flex-column-wrapper-legacy\"><div class=\"fusion-sep-clear\"><\/div><div class=\"fusion-separator fusion-full-width-sep\" style=\"margin-left: auto;margin-right: auto;margin-top:20px;margin-bottom:60px;width:100%;\"><\/div><div class=\"fusion-sep-clear\"><\/div><div class=\"fusion-text fusion-text-3\"><p>Luisa spielt Klavier ist die Geschichte einer gro\u00dfen Sehnsucht, von Wunsch und Wirklichkeit, Traum und Erwachen \u2013 und von der m\u00f6glichen Fortsetzung des Traums \u2013 in der Kunst &#8230;\u201c steht am Beginn der Geschichte eines alten Klaviers, das vor\u00fcbergehend stumm ist, und der zehnj\u00e4hrigen Luisa, die sich nicht gedulden kann, ihre Musik im Kopf endlich herauszulassen. Ihr erstes Konzert vor ihren Mitsch\u00fclern ger\u00e4t zum Debakel &#8230;<\/p>\n<\/div><div class=\"fusion-clearfix\"><\/div><\/div><\/div><div class=\"fusion-layout-column fusion_builder_column fusion-builder-column-3 fusion_builder_column_2_3 2_3 fusion-two-third fusion-column-last\" style=\"--awb-bg-size:cover;width:66.666666666667%;width:calc(66.666666666667% - ( ( 4% ) * 0.66666666666667 ) );\"><div class=\"fusion-column-wrapper fusion-flex-column-wrapper-legacy\"><div class=\"fusion-text fusion-text-4\"><h2>Luisa spielt Klavier<\/h2>\n<\/div><div class=\"fusion-soundcloud\"><iframe scrolling=\"no\" frameborder=\"no\" width=\"100%\" height=\"166\" allow=\"autoplay\" src=\"https:\/\/w.soundcloud.com\/player\/?url=https:\/\/soundcloud.com\/user-681610314\/titel&amp;auto_play=false&amp;hide_related=true&amp;show_comments=false&amp;show_user=false&amp;show_reposts=false&amp;visual=false&amp;color=ff7700\" title=\"soundcloud\"><\/iframe><\/div><div class=\"fusion-soundcloud\"><iframe scrolling=\"no\" frameborder=\"no\" width=\"100%\" height=\"166\" allow=\"autoplay\" src=\"https:\/\/w.soundcloud.com\/player\/?url=https:\/\/soundcloud.com\/user-681610314\/titel-2&amp;auto_play=false&amp;hide_related=true&amp;show_comments=false&amp;show_user=false&amp;show_reposts=false&amp;visual=false&amp;color=ff7700\" title=\"soundcloud\"><\/iframe><\/div><div class=\"fusion-soundcloud\"><iframe scrolling=\"no\" frameborder=\"no\" width=\"100%\" height=\"166\" allow=\"autoplay\" src=\"https:\/\/w.soundcloud.com\/player\/?url=https:\/\/soundcloud.com\/user-681610314\/titel-2&amp;auto_play=false&amp;hide_related=true&amp;show_comments=false&amp;show_user=false&amp;show_reposts=false&amp;visual=false&amp;color=ff7700\" title=\"soundcloud\"><\/iframe><\/div><div class=\"fusion-clearfix\"><\/div><\/div><\/div><\/div><\/div>\n","protected":false},"excerpt":{"rendered":"","protected":false},"author":1,"featured_media":0,"parent":0,"menu_order":0,"comment_status":"closed","ping_status":"closed","template":"","meta":[],"_links":{"self":[{"href":"http:\/\/relaunch.susannefritz.de\/index.php?rest_route=\/wp\/v2\/pages\/13511"}],"collection":[{"href":"http:\/\/relaunch.susannefritz.de\/index.php?rest_route=\/wp\/v2\/pages"}],"about":[{"href":"http:\/\/relaunch.susannefritz.de\/index.php?rest_route=\/wp\/v2\/types\/page"}],"author":[{"embeddable":true,"href":"http:\/\/relaunch.susannefritz.de\/index.php?rest_route=\/wp\/v2\/users\/1"}],"replies":[{"embeddable":true,"href":"http:\/\/relaunch.susannefritz.de\/index.php?rest_route=%2Fwp%2Fv2%2Fcomments&post=13511"}],"version-history":[{"count":13,"href":"http:\/\/relaunch.susannefritz.de\/index.php?rest_route=\/wp\/v2\/pages\/13511\/revisions"}],"predecessor-version":[{"id":13525,"href":"http:\/\/relaunch.susannefritz.de\/index.php?rest_route=\/wp\/v2\/pages\/13511\/revisions\/13525"}],"wp:attachment":[{"href":"http:\/\/relaunch.susannefritz.de\/index.php?rest_route=%2Fwp%2Fv2%2Fmedia&parent=13511"}],"curies":[{"name":"wp","href":"https:\/\/api.w.org\/{rel}","templated":true}]}}

<div class="fusion-fullwidth fullwidth-box fusion-builder-row-1 nonhundred-percent-fullwidth non-hundred-percent-height-scrolling" style="--awb-border-radius-top-left:0px;--awb-border-radius-top-right:0px;--awb-border-radius-bottom-right:0px;--awb-border-radius-bottom-left:0px;" ><div class="fusion-builder-row fusion-row"><div class="fusion-layout-column fusion_builder_column fusion-builder-column-0 fusion_builder_column_1_3 1_3 fusion-one-third fusion-column-first" style="--awb-bg-size:cover;width:33.333333333333%;width:calc(33.333333333333% - ( ( 4% ) * 0.33333333333333 ) );margin-right: 4%;"><div class="fusion-column-wrapper fusion-flex-column-wrapper-legacy"><div class="fusion-sep-clear"></div><div class="fusion-separator fusion-full-width-sep" style="margin-left: auto;margin-right: auto;margin-top:20px;margin-bottom:60px;width:100%;"></div><div class="fusion-sep-clear"></div><div class="fusion-text fusion-text-1"><p>Es war einmal im Schwarzwald. Peter Munk ist tief unglücklich. Allen geht es besser als ihm, dem armen, jungen Köhler. Alle haben Geld, genießen Ansehen und ein leichtes, schönes Leben. Davon kann Munk nur träumen… bis ihm das Glasmännchen zu seinem Glück verhilft. Doch Geld und Glashütte sind schnell verspielt, Munk versteht nichts vom Geschäft und liebt das Vergnügen. Vollkommen pleite und verzweifelter denn je, willig er in einen Pakt mit dem Holländer-Michel ein. Für seine zweite Chance opfert er sein Herz. Alles kann Munk sich jetzt kaufen, doch nichts kann ihn mehr rühren. In einem Wutanfall erschlägt er seine warmherzige Frau Lisbeth. Die Angst vor dem eigenen Tod packt ihn, Peter will seine Seele zurück, um jeden Preis…</p>
</div><div class="fusion-clearfix"></div></div></div><div class="fusion-layout-column fusion_builder_column fusion-builder-column-1 fusion_builder_column_2_3 2_3 fusion-two-third fusion-column-last" style="--awb-bg-size:cover;width:66.666666666667%;width:calc(66.666666666667% - ( ( 4% ) * 0.66666666666667 ) );"><div class="fusion-column-wrapper fusion-flex-column-wrapper-legacy"><div class="fusion-text fusion-text-2"><h2>Das kalte Herz</h2>
</div><div class="fusion-soundcloud"><iframe scrolling="no" frameborder="no" width="100%" height="166" allow="autoplay" src="https://w.soundcloud.com/player/?url=https://soundcloud.com/user-681610314/titel-4&amp;auto_play=false&amp;hide_related=true&amp;show_comments=false&amp;show_user=false&amp;show_reposts=false&amp;visual=false&amp;color=ff7700" title="soundcloud"></iframe></div><div class="fusion-soundcloud"><iframe scrolling="no" frameborder="no" width="100%" height="166" allow="autoplay" src="https://w.soundcloud.com/player/?url=https://soundcloud.com/user-681610314/das-kalte-herz-glaubiger&amp;auto_play=false&amp;hide_related=true&amp;show_comments=false&amp;show_user=false&amp;show_reposts=false&amp;visual=false&amp;color=ff7700" title="soundcloud"></iframe></div><div class="fusion-soundcloud"><iframe scrolling="no" frameborder="no" width="100%" height="166" allow="autoplay" src="https://w.soundcloud.com/player/?url=https://soundcloud.com/user-681610314/titel-5&amp;auto_play=false&amp;hide_related=true&amp;show_comments=false&amp;show_user=false&amp;show_reposts=false&amp;visual=false&amp;color=ff7700" title="soundcloud"></iframe></div><div class="fusion-soundcloud"><iframe scrolling="no" frameborder="no" width="100%" height="166" allow="autoplay" src="https://w.soundcloud.com/player/?url=https://soundcloud.com/user-681610314/titel-3&amp;auto_play=false&amp;hide_related=true&amp;show_comments=false&amp;show_user=false&amp;show_reposts=false&amp;visual=false&amp;color=ff7700" title="soundcloud"></iframe></div><div class="fusion-sep-clear"></div><div class="fusion-separator fusion-full-width-sep" style="margin-left: auto;margin-right: auto;margin-top:20px;margin-bottom:60px;width:100%;"></div><div class="fusion-sep-clear"></div><div class="fusion-clearfix"></div></div></div><div class="fusion-layout-column fusion_builder_column fusion-builder-column-2 fusion_builder_column_1_3 1_3 fusion-one-third fusion-column-first" style="--awb-bg-size:cover;width:33.333333333333%;width:calc(33.333333333333% - ( ( 4% ) * 0.33333333333333 ) );margin-right: 4%;"><div class="fusion-column-wrapper fusion-flex-column-wrapper-legacy"><div class="fusion-sep-clear"></div><div class="fusion-separator fusion-full-width-sep" style="margin-left: auto;margin-right: auto;margin-top:20px;margin-bottom:60px;width:100%;"></div><div class="fusion-sep-clear"></div><div class="fusion-text fusion-text-3"><p>Luisa spielt Klavier ist die Geschichte einer großen Sehnsucht, von Wunsch und Wirklichkeit, Traum und Erwachen – und von der möglichen Fortsetzung des Traums – in der Kunst &#8230;“ steht am Beginn der Geschichte eines alten Klaviers, das vorübergehend stumm ist, und der zehnjährigen Luisa, die sich nicht gedulden kann, ihre Musik im Kopf endlich herauszulassen. Ihr erstes Konzert vor ihren Mitschülern gerät zum Debakel &#8230;</p>
</div><div class="fusion-clearfix"></div></div></div><div class="fusion-layout-column fusion_builder_column fusion-builder-column-3 fusion_builder_column_2_3 2_3 fusion-two-third fusion-column-last" style="--awb-bg-size:cover;width:66.666666666667%;width:calc(66.666666666667% - ( ( 4% ) * 0.66666666666667 ) );"><div class="fusion-column-wrapper fusion-flex-column-wrapper-legacy"><div class="fusion-text fusion-text-4"><h2>Luisa spielt Klavier</h2>
</div><div class="fusion-soundcloud"><iframe scrolling="no" frameborder="no" width="100%" height="166" allow="autoplay" src="https://w.soundcloud.com/player/?url=https://soundcloud.com/user-681610314/titel&amp;auto_play=false&amp;hide_related=true&amp;show_comments=false&amp;show_user=false&amp;show_reposts=false&amp;visual=false&amp;color=ff7700" title="soundcloud"></iframe></div><div class="fusion-soundcloud"><iframe scrolling="no" frameborder="no" width="100%" height="166" allow="autoplay" src="https://w.soundcloud.com/player/?url=https://soundcloud.com/user-681610314/titel-2&amp;auto_play=false&amp;hide_related=true&amp;show_comments=false&amp;show_user=false&amp;show_reposts=false&amp;visual=false&amp;color=ff7700" title="soundcloud"></iframe></div><div class="fusion-soundcloud"><iframe scrolling="no" frameborder="no" width="100%" height="166" allow="autoplay" src="https://w.soundcloud.com/player/?url=https://soundcloud.com/user-681610314/titel-2&amp;auto_play=false&amp;hide_related=true&amp;show_comments=false&amp;show_user=false&amp;show_reposts=false&amp;visual=false&amp;color=ff7700" title="soundcloud"></iframe></div><div class="fusion-clearfix"></div></div></div></div></div>
